j**2 + 5*j + 4. Let k(q) = -q - 5. Let g be k(0). Let b be v(g). Let a be -1 + (-2 + b - 4). What is s(a)?
-16
Let q(t) = -t**2 - 5*t - 2. Suppose 0 = 3*a + 8 + 4. Let l be q(a). Let h(b) = 2 - 5 - b - l*b + 6*b. Calculate h(3).
6
Let j(w) = -2*w - 15. Suppose 2*s = 3*r + 40 - 3, -4*r - 61 = -5*s. Calculate j(r).
3
Let x(s) = -3*s + 10. Let z(k) = -9*k - 56. Let f be z(-7). What is x(f)?
-11
Let g(s) = -s + 34. Suppose 0 = -2*v - 2*v - 5*r, -v = -5*r. Determine g(v).
34
Suppose 9 = -19*t + 22*t. Suppose -t*a - 22 = -c, c + 2*c - 42 = 5*a. Let r(o) = -o - o**2 - 2*o**3 + o**3 - 8 - 5*o**2. What is r(a)?
-2
Let r(i) = -8*i. Let o be (-22 + 25)*(1*-2 + 1). What is r(o)?
24
Suppose o - 10 = g - 6*g, 5*g = 3*o + 30. Let c(u) = 2*u**2 + u. Determine c(g).
21
Let f = -1294 - -1300. Let h(i) = -7*i + 44. Give h(f).
2
Let k(z) be the third derivative of z**6/120 - z**5/10 + z**4/12 - 5*z**3/3 - 3*z**2 + 21*z. Give k(6).
2
Let h(o) = 2*o**2 + 11*o + 9. Let r be (-7)/(28/4) + -6. Give h(r).
30
Let g(l) = -2*l - 60. Suppose 20*b = -20*b - 1160. Determine g(b).
-2
Suppose 4*i = -z - 16, 0*z = -z + 4. Let x(a) = -a**3 - 6*a**2 - 6*a - 7. Calculate x(i).
-2
Suppose 0 = -q - q + 4. Suppose 4 = 5*l + 5*n - 1, -q*n + 10 = 0. Let h(z) = -z**2 - 3*z + 2 + 1 - 3. Determine h(l).
-4
Let r be (-2)/7 - (-60)/14. Let q = 14 + -16. Let u(j) = -3*j + 5. Let s(x) = x - 1. Let i(f) = q*s(f) - u(f). Give i(r).
1
Let v(g) = -11*g**2 - 5*g + 2. Let i(l) = -8*l**2 - 4*l + 1. Let u(o) = -6*i(o) + 4*v(o). Determine u(-3).
26
Suppose -4*h = -2*d - 26, -12*d + 3 = -15*d - 3*h. Let v(u) = -u**3 - 4*u**2 - 7*u - 3. Give v(d).
57
Let w(u) = -u + 2. Let h(t) = 3*t - 6. Let y(i) = -i - 15. Let s be y(-17). Suppose -3*z = -4*p + 28, s*z + 28 = 3*p + 2*p. Let a be h(p). Calculate w(a).
-4
Let y be -6*(-14)/(3 - 1)*1. Suppose 39*a - y*a - 6 = 0. Let i(n) = 2*n**2 + 5*n**2 - n - 3*n**2 - 1. What is i(a)?
17
Let j = 444 - 446. Let g(t) be the third derivative of -t**4/8 - t**3/3 + t**2. What is g(j)?
4
Let r(k) = 9048 + 0*k - 4529 - 4520 - 8*k. Suppose q = -3*q - 4. Give r(q).
7
Let x(z) = -57*z**2 - 2 - 2*z - 3*z**3 - 2 + 59*z**2 + 4*z**3. Let o be 4/14 + 427/49. Suppose -o - 3 = 4*p. Give x(p).
-7
Let k(u) = u**3 - 7*u**2 + 5*u + 2. Let l = -98 + 176. Let o = 84 - l. Calculate k(o).
-4
Suppose -5*z + 4*h + 16 = 0, -5*z - 3*h = -6*h - 17. Let s(g) = -g**3 + 2 - g**2 + 3*g - 2*g**2 - z. Let r = -18 + 14. Determine s(r).
2
Let s be (2/4)/((-1)/12). Let p(d) be the second derivative of 0 - 1/6*d**3 - 3*d**2 - 28*d. What is p(s)?
0
Let g(q) = -4*q**2 - q**3 - 40*q - 3*q**2 + 3 - 2 + 90*q - 44*q. Give g(-7).
-41
Let h(o) = -3*o**3 - 5*o**2 - 3*o - 2. Let t(m) = 15*m**3 + 27*m**2 + 16*m + 11. Let v(r) = 22*h(r) + 4*t(r). Give v(-1).
6
Suppose 0 = -0*g + 4*g. Suppose -5*r = -g*r + 30. Let f(h) = -3*h**2 - 7*h - 1. Let p(d) = -13*d**2 - 28*d - 3. Let i(x) = 9*f(x) - 2*p(x). Give i(r).
3
Let x(h) = 2*h - 11. Let u(m) = m**2 + 15*m + 32. Let j be u(-13). Let p(c) = 1. Let r(w) = j*p(w) + x(w). Give r(6).
7
Let k(q) = 2*q - 8. Suppose 4*s - 156 = -132. Determine k(s).
4
Let s(p) = -12*p**3 - p**2 + p - 1. Let h = -2661 - -2662. Calculate s(h).
-13
Let b(h) be the second derivative of -h**5/20 - h**4/4 + h**3/3 - 3*h**2/2 - 87*h. Calculate b(-3).
-9
Let s = -13 + 11. Let c(q) be the first derivative of -q**3/3 + 5*q**2/2 + 6*q + 5. Let j(y) = -6*y - 7. Let f(k) = s*j(k) - 3*c(k). Give f(3).
14
Let x = 601 - 601. Let o(n) = n**2 + 10. What is o(x)?
10
Let l(r) be the second derivative of 1/720*r**6 + 0*r**3 + 0 + 0*r**2 - 1/12*r**5 - 1/3*r**4 + 8*r. Let f(o) be the third derivative of l(o). Calculate f(8).
-2
Let q(w) = 3*w + 3. Let c be q(-3). Let l be 5/(2 - -8)*46. Let n(f) = 41*f + 2 - l*f - 21*f. Determine n(c).
20
Let w = -7 + 11. Let f(q) = -12 + 145*q**2 + 11 - 150*q**2 + 3*q + q**3. Calculate f(w).
-5
Let u(j) = -j**2 + 10*j - 4. Let l be 1/3 + (-435)/(-45). Let p be u(l). Let i(q) = 3*q + 4. Give i(p).
-8
Let l be 6*((-17)/3 + 7). Let a(w) = -3*w + 7. Determine a(l).
-17
Let h(z) = 4*z - 6 - 10*z + 6 + 10. Let t(n) = -3*n + 4. Let y(d) = -2*h(d) + 5*t(d). What is y(-8)?
24
Let m(a) = a**2 + 12*a + 4. Let y = 1 - -2. Suppose 3*u = -y*z - 39, 3*u - 4*z + 19 + 13 = 0. Let s be m(u). Let q(w) = -w - 1. What is q(s)?
-5
Let r(k) = 23*k - 1. Suppose 4 = -4*v, 3*s + 4*v - 1 + 2 = 0. Give r(s).
22
Let x(l) be the first derivative of -7*l**3/3 + 4*l + 554. Calculate x(2).
-24
Suppose 2*f - 41 = -31, k + 25 = 4*f. Let o(q) = q**3 + 4*q**2 - 4*q - 7. Give o(k).
-12
Let v = 48 + -37. Suppose -5*m = 3*p - 4, 0 = 5*m - p - 1 - v. Let o(n) = -3*n**2 + 3*n - 2. Determine o(m).
-8
Let a(i) = 8*i**2 - 3*i + 3. Let m(k) = k**2 - 3*k + 2. Let c be m(0). What is a(c)?
29
Suppose 8*j + 37 = 3*j + 3*c, 5*j - 2*c + 38 = 0. Let k(l) = -l + 9. Let s be k(7). Let f(b) = -b + 6 + b**s - b + 10*b + 1. What is f(j)?
7
Let v(o) be the third derivative of 1/60*o**5 + 11*o**2 + 1/4*o**4 - 4/3*o**3 + 0*o + 0. Suppose -24 = 8*z - 4*z. Calculate v(z).
-8
Let d(h) = 3*h**2 + 5*h - 65. Let y(b) = -b**2 - b + 22. Let c(j) = -3*d(j) - 8*y(j). Give c(-8).
11
Let o(d) = -3*d**2 - 2*d - 2. Let c = 1015 - 1017. What is o(c)?
-10
Let s(a) = 2*a - 2*a**2 - 4*a**2 - 10*a - 3*a + 24 + 7*a**2. Calculate s(6).
-6
Let i(z) = z**2 - 7*z + 2 + 2 + 1. Let x(o) = -o - 5. Let j be x(-21). Let k be (j/20)/(2/15). Give i(k).
-1
Let o be (1/2)/((-4)/40). Let r(x) = -x**3 - 7*x**2 - 5*x + 7. Give r(o).
-18
Let v(t) = 2*t - 3. Let m(p) = 3*p - 3. Let d(z) = 3*m(z) - 5*v(z). What is d(-5)?
11
Let a = -649 - -663. Let b(k) = k**2 - 16*k + 18. Determine b(a).
-10
Let n = 814 + -810. Let k(y) = y**3 - 2*y**2 + 6*y - 5. Calculate k(n).
51
Let r(g) = 4*g**3 - 5*g**2 - 3*g - 2. Let h(w) = -w**3 + w**2 + w + 1. Let u(x) = -3*h(x) - r(x). Let z = -6 - -8. Suppose -4*v + z + 2 = 0. What is u(v)?
0
Let y = 52 - 58. Let s(r) = -r**2 - 5*r + 3. Calculate s(y).
-3
Let x(z) = -152*z + 2. Let u be x(0). Let p(c) = 7*c + 1. Give p(u).
15
Let b(g) be the first derivative of -5*g + 1/4*g**4 - 8 + 5/3*g**3 + 0*g**2. Let d = 0 + -5. What is b(d)?
-5
Suppose 2*u = 5 + 7. Let c(f) = 4*f**2 - 1 + 0 - f - 9*f**2 + u*f**2. Suppose -a = -2 - 1. Determine c(a).
5
Let c(m) be the second derivative of -m**4/12 + 7*m**3/6 + 7*m**2/2 + m. Let l(g) = -5*g**2 + 31*g - 21. Let f be l(5). What is c(f)?
-11
Let b(w) = -2 - 84*w**3 - w + 16*w**2 + 102*w**3 - 15*w**2 + 0*w. What is b(-1)?
-18
Let i(y) = 7*y**3 - 6*y**2 + 6*y + 6. Let h(g) = -20*g**3 + 17*g**2 - 17*g - 17. Let x(b) = 6*h(b) + 17*i(b). Give x(1).
-1
Suppose 4*o + v = 8, -5*o + 7 = -3*v - 3. Suppose -o*m = -6*m. Let f(l) = -l**2 + 10. What is f(m)?
10
Let c(n) be the third derivative of n**7/840 + n**6/60 - n**5/12 - 5*n**4/12 + 2*n**3/3 + 7*n**2. Let a(o) be the first derivative of c(o). Give a(-7).
11
Let j(a) = a + 6. Let w = -718 + 710. Calculate j(w).
-2
Let a = 209 + -226. Let i(t) = t**3 + 18*t**2 + 18*t + 18. Give i(a).
1
Suppose -12 = -9*q + 8*q. Let s be 1 + -4*q/(-16). Let u(n) = -7*n + 1. Let r(x) = -x - 1. Let a(d) = 5*r(d) - u(d). Give a(s).
2
Let n(c) = -25*c**3 + 2*c**2 - 2*c + 1. Let r = 49 + -48. Give n(r).
-24
Let y(j) be the third derivative of -j**6/120 - j**5/20 + j**3/6 - 560*j**2. Determine y(2).
-19
Let l(o) = -2*o**2 + o + 2. Let r be 1 - (2 - (-2 + 1)). Let i be (1 - (-2 - r))*-5. Let x = i + 3. Determine l(x).
-8
Suppose -4*z + 15*c = 19*c, 0 = -2*z + c + 12. Let i(b) = -b**3 + 6*b**2 - 8*b. Give i(z).
0
Let x(p) = p**2 - 3*p + 1. Let z(a) = -a**2 + 2*a - 1. Let h(l) = 3*x(l) + 4*z(l). Let c be h(-1). Let s(g) = -3*g**3 - 2*g**2 - 2*g - 1. What is s(c)?
2
Let q(m) = -m**2 + 4*m + 6. Let g be ((-6)/5)/(60/(-300)). Determine q(g).
-6
Let p(k) = 2*k + 1. Let y(i) be the first derivative of 1/4*i**4 + 10 + 4/3*i**3 - 2*i - 3*i**2. Let b be y(-5). What is p(b)?
7
Let a be 4/(-2 + -2) + 2. Suppose 4*x - 12 = -0*x. Let j(b) = -1 - 3*b - 33*b**3 + 38*b**x + 3*b. Determine j(a).
4
Let s(a) = -a**3 + 5*a**2 + 9*a - 9. Suppose 0 = o - 1 - 6. Let t = o - 1. Give s(t).
9
Let h = -53 + 58. Suppose -h = -0*y + y. Let n(w) = w**3 + 4*w**2 - 4*w + 2. Calculate n(y).
-3
Let g be (63/(-6))/((-7)/(-14)). Let l be (g/14)/((-3)/(-8)). Let x(u) = -u**2 - 4*u - 5. Calculate x(l).
-5
Let w(u) be the first derivative o